{"id":24781,"date":"2025-08-30T16:25:33","date_gmt":"2025-08-30T19:25:33","guid":{"rendered":"https:\/\/conexioneschile.cl\/index.php\/product\/yealink-procesador-de-audio-y-video-avhub\/"},"modified":"2025-08-30T16:44:09","modified_gmt":"2025-08-30T19:44:09","slug":"yealink-procesador-de-audio-y-video-avhub","status":"publish","type":"product","link":"https:\/\/conexioneschile.cl\/index.php\/product\/yealink-procesador-de-audio-y-video-avhub\/","title":{"rendered":"Yealink Procesador de audio y video AVHUB"},"content":{"rendered":"<p>El Yealink AVHub es un procesador de audio y video avanzado dise\u00f1ado para optimizar las reuniones en salas grandes o extragrandes. Compatible con m\u00faltiples c\u00e1maras, micr\u00f3fonos y altavoces, este dispositivo ofrece una soluci\u00f3n efectiva para gestionar equipos de video y audio de forma centralizada, reduciendo el cableado y mejorando la organizaci\u00f3n del espacio. La capacidad de conectar directamente c\u00e1maras y micr\u00f3fonos a trav\u00e9s de PoE hace que la instalaci\u00f3n y gesti\u00f3n sean mucho m\u00e1s simples y eficientes. Adem\u00e1s, los usuarios pueden personalizar el dise\u00f1o de la c\u00e1mara antes y durante las reuniones de Microsoft Teams, ofreciendo una experiencia visual mejorada para todos los participantes.<\/p>\n<p>Equipado con un potente chipset habilitado para IA, el Yealink AVHub brinda una gran escalabilidad y flexibilidad para aplicaciones futuras. El procesador de audio y video mejora la calidad de las reuniones al permitir el procesamiento directo de datos, aliviando la carga operativa del Mcore. Con la capacidad de habilitar varias c\u00e1maras simult\u00e1neamente y elegir diferentes modos de seguimiento, los asistentes remotos pueden disfrutar de vistas personalizadas que capturan todos los detalles de la sala. Esto lo convierte en una soluci\u00f3n ideal para aplicaciones industriales y entornos de trabajo colaborativos, asegurando reuniones m\u00e1s productivas y din\u00e1micas.<\/p>\n","protected":false},"excerpt":{"rendered":"<p>El Yealink AVHub es un procesador de audio y video avanzado dise\u00f1ado para optimizar las reuniones en salas grandes o extragrandes. Compatible con m\u00faltiples c\u00e1maras, micr\u00f3fonos y altavoces, este dispositivo&#8230;<\/p>\n","protected":false},"featured_media":24780,"comment_status":"open","ping_status":"closed","template":"","meta":[],"product_brand":[163],"product_cat":[279],"product_tag":[],"class_list":{"0":"post-24781","1":"product","2":"type-product","3":"status-publish","4":"has-post-thumbnail","6":"product_brand-yealink","7":"product_cat-video","9":"first","10":"instock","11":"taxable","12":"shipping-taxable","13":"purchasable","14":"product-type-simple"},"yoast_head":"<!-- This site is optimized with the Yoast SEO plugin v26.6 - https:\/\/yoast.com\/wordpress\/plugins\/seo\/ -->\n<title>Yealink Procesador de audio y video AVHUB - Conexiones Chile<\/title>\n<meta name=\"robots\" content=\"index, follow, max-snippet:-1, max-image-preview:large, max-video-preview:-1\" \/>\n<link rel=\"canonical\" href=\"https:\/\/conexioneschile.cl\/index.php\/product\/yealink-procesador-de-audio-y-video-avhub\/\" \/>\n<meta property=\"og:locale\" content=\"es_ES\" \/>\n<meta property=\"og:type\" content=\"article\" \/>\n<meta property=\"og:title\" content=\"Yealink Procesador de audio y video AVHUB - Conexiones Chile\" \/>\n<meta property=\"og:description\" content=\"El Yealink AVHub es un procesador de audio y video avanzado dise\u00f1ado para optimizar las reuniones en salas grandes o extragrandes. Compatible con m\u00faltiples c\u00e1maras, micr\u00f3fonos y altavoces, este dispositivo...\" \/>\n<meta property=\"og:url\" content=\"https:\/\/conexioneschile.cl\/index.php\/product\/yealink-procesador-de-audio-y-video-avhub\/\" \/>\n<meta property=\"og:site_name\" content=\"Conexiones Chile\" \/>\n<meta property=\"article:modified_time\" content=\"2025-08-30T19:44:09+00:00\" \/>\n<meta property=\"og:image\" content=\"https:\/\/conexioneschile.cl\/wp-content\/uploads\/2025\/08\/20240606041057419970c3d3a457cbd62bdd235b60adc.webp\" \/>\n\t<meta property=\"og:image:width\" content=\"1280\" \/>\n\t<meta property=\"og:image:height\" content=\"390\" \/>\n\t<meta property=\"og:image:type\" content=\"image\/webp\" \/>\n<meta name=\"twitter:card\" content=\"summary_large_image\" \/>\n<meta name=\"twitter:label1\" content=\"Tiempo de lectura\" \/>\n\t<meta name=\"twitter:data1\" content=\"1 minuto\" \/>\n<script type=\"application\/ld+json\" class=\"yoast-schema-graph\">{\"@context\":\"https:\/\/schema.org\",\"@graph\":[{\"@type\":\"WebPage\",\"@id\":\"https:\/\/conexioneschile.cl\/index.php\/product\/yealink-procesador-de-audio-y-video-avhub\/\",\"url\":\"https:\/\/conexioneschile.cl\/index.php\/product\/yealink-procesador-de-audio-y-video-avhub\/\",\"name\":\"Yealink Procesador de audio y video AVHUB - Conexiones Chile\",\"isPartOf\":{\"@id\":\"https:\/\/conexioneschile.cl\/#website\"},\"primaryImageOfPage\":{\"@id\":\"https:\/\/conexioneschile.cl\/index.php\/product\/yealink-procesador-de-audio-y-video-avhub\/#primaryimage\"},\"image\":{\"@id\":\"https:\/\/conexioneschile.cl\/index.php\/product\/yealink-procesador-de-audio-y-video-avhub\/#primaryimage\"},\"thumbnailUrl\":\"https:\/\/conexioneschile.cl\/wp-content\/uploads\/2025\/08\/20240606041057419970c3d3a457cbd62bdd235b60adc.webp\",\"datePublished\":\"2025-08-30T19:25:33+00:00\",\"dateModified\":\"2025-08-30T19:44:09+00:00\",\"breadcrumb\":{\"@id\":\"https:\/\/conexioneschile.cl\/index.php\/product\/yealink-procesador-de-audio-y-video-avhub\/#breadcrumb\"},\"inLanguage\":\"es\",\"potentialAction\":[{\"@type\":\"ReadAction\",\"target\":[\"https:\/\/conexioneschile.cl\/index.php\/product\/yealink-procesador-de-audio-y-video-avhub\/\"]}]},{\"@type\":\"ImageObject\",\"inLanguage\":\"es\",\"@id\":\"https:\/\/conexioneschile.cl\/index.php\/product\/yealink-procesador-de-audio-y-video-avhub\/#primaryimage\",\"url\":\"https:\/\/conexioneschile.cl\/wp-content\/uploads\/2025\/08\/20240606041057419970c3d3a457cbd62bdd235b60adc.webp\",\"contentUrl\":\"https:\/\/conexioneschile.cl\/wp-content\/uploads\/2025\/08\/20240606041057419970c3d3a457cbd62bdd235b60adc.webp\",\"width\":1280,\"height\":390},{\"@type\":\"BreadcrumbList\",\"@id\":\"https:\/\/conexioneschile.cl\/index.php\/product\/yealink-procesador-de-audio-y-video-avhub\/#breadcrumb\",\"itemListElement\":[{\"@type\":\"ListItem\",\"position\":1,\"name\":\"Portada\",\"item\":\"https:\/\/conexioneschile.cl\/\"},{\"@type\":\"ListItem\",\"position\":2,\"name\":\"Shop\",\"item\":\"https:\/\/conexioneschile.cl\/index.php\/shop\/\"},{\"@type\":\"ListItem\",\"position\":3,\"name\":\"Yealink Procesador de audio y video AVHUB\"}]},{\"@type\":\"WebSite\",\"@id\":\"https:\/\/conexioneschile.cl\/#website\",\"url\":\"https:\/\/conexioneschile.cl\/\",\"name\":\"Conexiones Chile\",\"description\":\"\",\"publisher\":{\"@id\":\"https:\/\/conexioneschile.cl\/#organization\"},\"potentialAction\":[{\"@type\":\"SearchAction\",\"target\":{\"@type\":\"EntryPoint\",\"urlTemplate\":\"https:\/\/conexioneschile.cl\/?s={search_term_string}\"},\"query-input\":{\"@type\":\"PropertyValueSpecification\",\"valueRequired\":true,\"valueName\":\"search_term_string\"}}],\"inLanguage\":\"es\"},{\"@type\":\"Organization\",\"@id\":\"https:\/\/conexioneschile.cl\/#organization\",\"name\":\"Conexiones Chile\",\"url\":\"https:\/\/conexioneschile.cl\/\",\"logo\":{\"@type\":\"ImageObject\",\"inLanguage\":\"es\",\"@id\":\"https:\/\/conexioneschile.cl\/#\/schema\/logo\/image\/\",\"url\":\"https:\/\/conexioneschile.cl\/wp-content\/uploads\/2025\/09\/cropped-logo-coneexiones.png\",\"contentUrl\":\"https:\/\/conexioneschile.cl\/wp-content\/uploads\/2025\/09\/cropped-logo-coneexiones.png\",\"width\":412,\"height\":209,\"caption\":\"Conexiones Chile\"},\"image\":{\"@id\":\"https:\/\/conexioneschile.cl\/#\/schema\/logo\/image\/\"}}]}<\/script>\n<!-- \/ Yoast SEO plugin. -->","yoast_head_json":{"title":"Yealink Procesador de audio y video AVHUB - Conexiones Chile","robots":{"index":"index","follow":"follow","max-snippet":"max-snippet:-1","max-image-preview":"max-image-preview:large","max-video-preview":"max-video-preview:-1"},"canonical":"https:\/\/conexioneschile.cl\/index.php\/product\/yealink-procesador-de-audio-y-video-avhub\/","og_locale":"es_ES","og_type":"article","og_title":"Yealink Procesador de audio y video AVHUB - Conexiones Chile","og_description":"El Yealink AVHub es un procesador de audio y video avanzado dise\u00f1ado para optimizar las reuniones en salas grandes o extragrandes. Compatible con m\u00faltiples c\u00e1maras, micr\u00f3fonos y altavoces, este dispositivo...","og_url":"https:\/\/conexioneschile.cl\/index.php\/product\/yealink-procesador-de-audio-y-video-avhub\/","og_site_name":"Conexiones Chile","article_modified_time":"2025-08-30T19:44:09+00:00","og_image":[{"width":1280,"height":390,"url":"https:\/\/conexioneschile.cl\/wp-content\/uploads\/2025\/08\/20240606041057419970c3d3a457cbd62bdd235b60adc.webp","type":"image\/webp"}],"twitter_card":"summary_large_image","twitter_misc":{"Tiempo de lectura":"1 minuto"},"schema":{"@context":"https:\/\/schema.org","@graph":[{"@type":"WebPage","@id":"https:\/\/conexioneschile.cl\/index.php\/product\/yealink-procesador-de-audio-y-video-avhub\/","url":"https:\/\/conexioneschile.cl\/index.php\/product\/yealink-procesador-de-audio-y-video-avhub\/","name":"Yealink Procesador de audio y video AVHUB - Conexiones Chile","isPartOf":{"@id":"https:\/\/conexioneschile.cl\/#website"},"primaryImageOfPage":{"@id":"https:\/\/conexioneschile.cl\/index.php\/product\/yealink-procesador-de-audio-y-video-avhub\/#primaryimage"},"image":{"@id":"https:\/\/conexioneschile.cl\/index.php\/product\/yealink-procesador-de-audio-y-video-avhub\/#primaryimage"},"thumbnailUrl":"https:\/\/conexioneschile.cl\/wp-content\/uploads\/2025\/08\/20240606041057419970c3d3a457cbd62bdd235b60adc.webp","datePublished":"2025-08-30T19:25:33+00:00","dateModified":"2025-08-30T19:44:09+00:00","breadcrumb":{"@id":"https:\/\/conexioneschile.cl\/index.php\/product\/yealink-procesador-de-audio-y-video-avhub\/#breadcrumb"},"inLanguage":"es","potentialAction":[{"@type":"ReadAction","target":["https:\/\/conexioneschile.cl\/index.php\/product\/yealink-procesador-de-audio-y-video-avhub\/"]}]},{"@type":"ImageObject","inLanguage":"es","@id":"https:\/\/conexioneschile.cl\/index.php\/product\/yealink-procesador-de-audio-y-video-avhub\/#primaryimage","url":"https:\/\/conexioneschile.cl\/wp-content\/uploads\/2025\/08\/20240606041057419970c3d3a457cbd62bdd235b60adc.webp","contentUrl":"https:\/\/conexioneschile.cl\/wp-content\/uploads\/2025\/08\/20240606041057419970c3d3a457cbd62bdd235b60adc.webp","width":1280,"height":390},{"@type":"BreadcrumbList","@id":"https:\/\/conexioneschile.cl\/index.php\/product\/yealink-procesador-de-audio-y-video-avhub\/#breadcrumb","itemListElement":[{"@type":"ListItem","position":1,"name":"Portada","item":"https:\/\/conexioneschile.cl\/"},{"@type":"ListItem","position":2,"name":"Shop","item":"https:\/\/conexioneschile.cl\/index.php\/shop\/"},{"@type":"ListItem","position":3,"name":"Yealink Procesador de audio y video AVHUB"}]},{"@type":"WebSite","@id":"https:\/\/conexioneschile.cl\/#website","url":"https:\/\/conexioneschile.cl\/","name":"Conexiones Chile","description":"","publisher":{"@id":"https:\/\/conexioneschile.cl\/#organization"},"potentialAction":[{"@type":"SearchAction","target":{"@type":"EntryPoint","urlTemplate":"https:\/\/conexioneschile.cl\/?s={search_term_string}"},"query-input":{"@type":"PropertyValueSpecification","valueRequired":true,"valueName":"search_term_string"}}],"inLanguage":"es"},{"@type":"Organization","@id":"https:\/\/conexioneschile.cl\/#organization","name":"Conexiones Chile","url":"https:\/\/conexioneschile.cl\/","logo":{"@type":"ImageObject","inLanguage":"es","@id":"https:\/\/conexioneschile.cl\/#\/schema\/logo\/image\/","url":"https:\/\/conexioneschile.cl\/wp-content\/uploads\/2025\/09\/cropped-logo-coneexiones.png","contentUrl":"https:\/\/conexioneschile.cl\/wp-content\/uploads\/2025\/09\/cropped-logo-coneexiones.png","width":412,"height":209,"caption":"Conexiones Chile"},"image":{"@id":"https:\/\/conexioneschile.cl\/#\/schema\/logo\/image\/"}}]}},"_links":{"self":[{"href":"https:\/\/conexioneschile.cl\/index.php\/wp-json\/wp\/v2\/product\/24781","targetHints":{"allow":["GET"]}}],"collection":[{"href":"https:\/\/conexioneschile.cl\/index.php\/wp-json\/wp\/v2\/product"}],"about":[{"href":"https:\/\/conexioneschile.cl\/index.php\/wp-json\/wp\/v2\/types\/product"}],"replies":[{"embeddable":true,"href":"https:\/\/conexioneschile.cl\/index.php\/wp-json\/wp\/v2\/comments?post=24781"}],"wp:featuredmedia":[{"embeddable":true,"href":"https:\/\/conexioneschile.cl\/index.php\/wp-json\/wp\/v2\/media\/24780"}],"wp:attachment":[{"href":"https:\/\/conexioneschile.cl\/index.php\/wp-json\/wp\/v2\/media?parent=24781"}],"wp:term":[{"taxonomy":"product_brand","embeddable":true,"href":"https:\/\/conexioneschile.cl\/index.php\/wp-json\/wp\/v2\/product_brand?post=24781"},{"taxonomy":"product_cat","embeddable":true,"href":"https:\/\/conexioneschile.cl\/index.php\/wp-json\/wp\/v2\/product_cat?post=24781"},{"taxonomy":"product_tag","embeddable":true,"href":"https:\/\/conexioneschile.cl\/index.php\/wp-json\/wp\/v2\/product_tag?post=24781"}],"curies":[{"name":"wp","href":"https:\/\/api.w.org\/{rel}","templated":true}]}}