{"id":24952,"date":"2025-08-30T16:29:10","date_gmt":"2025-08-30T19:29:10","guid":{"rendered":"https:\/\/conexioneschile.cl\/index.php\/product\/yealink-videoconferencia-todo-en-uno-mvc-s90-c5-007\/"},"modified":"2025-08-30T16:44:18","modified_gmt":"2025-08-30T19:44:18","slug":"yealink-videoconferencia-todo-en-uno-mvc-s90-c5-007","status":"publish","type":"product","link":"https:\/\/conexioneschile.cl\/index.php\/product\/yealink-videoconferencia-todo-en-uno-mvc-s90-c5-007\/","title":{"rendered":"Yealink Videoconferencia todo-en-uno MVC S90-C5-007"},"content":{"rendered":"<p>El Yealink MVC S90 es una soluci\u00f3n todo-en-uno dise\u00f1ada especialmente para salas de videoconferencia de gran tama\u00f1o, perfecta para empresas que buscan un sistema de comunicaci\u00f3n robusto y flexible. Esta soluci\u00f3n incluye el MINI-PC MCore Pro, conocido por su alto rendimiento, junto con la c\u00e1mara PTZ 4K UVC86 que ofrece un zoom \u00f3ptico de 12x. Con soporte para hasta 9 c\u00e1maras simult\u00e1neas y la capacidad de realizar seguimiento de m\u00faltiples altavoces, el MVC S90 garantiza una experiencia de videoconferencia clara y profesional. La inclusi\u00f3n del panel t\u00e1ctil MTouch Plus permite un control total y sencillo de la sala, haciendo posible cambiar dise\u00f1os y vistas de c\u00e1maras de manera independiente.<\/p>\n<p>El sistema Yealink MVC S90 no solo es ideal para empresas que ya utilizan Microsoft Teams, sino que tambi\u00e9n puede transformarse en un espacio multifuncional. Gracias a la integraci\u00f3n con Yealink RoomConnect y el MVC-BYOD-Extender, los usuarios pueden conectar el sistema con un simple USB al PC, ampliando as\u00ed las capacidades de la sala. Adem\u00e1s, m\u00faltiples unidades MVC S90 pueden interconectarse, permitiendo la creaci\u00f3n de sistemas modulares que se adaptan a diferentes tama\u00f1os de espacio. Con esta soluci\u00f3n, las empresas pueden ofrecer videoconferencias de alta calidad, flexibilidad en el dise\u00f1o de la sala y un control completo sobre la experiencia de usuario.<\/p>\n","protected":false},"excerpt":{"rendered":"<p>El Yealink MVC S90 es una soluci\u00f3n todo-en-uno dise\u00f1ada especialmente para salas de videoconferencia de gran tama\u00f1o, perfecta para empresas que buscan un sistema de comunicaci\u00f3n robusto y flexible. Esta&#8230;<\/p>\n","protected":false},"featured_media":24951,"comment_status":"open","ping_status":"closed","template":"","meta":[],"product_brand":[163],"product_cat":[280],"product_tag":[],"class_list":{"0":"post-24952","1":"product","2":"type-product","3":"status-publish","4":"has-post-thumbnail","6":"product_brand-yealink","7":"product_cat-pantallas-interactivas-accesorios","9":"first","10":"instock","11":"taxable","12":"shipping-taxable","13":"purchasable","14":"product-type-simple"},"yoast_head":"<!-- This site is optimized with the Yoast SEO plugin v26.6 - https:\/\/yoast.com\/wordpress\/plugins\/seo\/ -->\n<title>Yealink Videoconferencia todo-en-uno MVC S90-C5-007 - Conexiones Chile<\/title>\n<meta name=\"robots\" content=\"index, follow, max-snippet:-1, max-image-preview:large, max-video-preview:-1\" \/>\n<link rel=\"canonical\" href=\"https:\/\/conexioneschile.cl\/index.php\/product\/yealink-videoconferencia-todo-en-uno-mvc-s90-c5-007\/\" \/>\n<meta property=\"og:locale\" content=\"es_ES\" \/>\n<meta property=\"og:type\" content=\"article\" \/>\n<meta property=\"og:title\" content=\"Yealink Videoconferencia todo-en-uno MVC S90-C5-007 - Conexiones Chile\" \/>\n<meta property=\"og:description\" content=\"El Yealink MVC S90 es una soluci\u00f3n todo-en-uno dise\u00f1ada especialmente para salas de videoconferencia de gran tama\u00f1o, perfecta para empresas que buscan un sistema de comunicaci\u00f3n robusto y flexible. Esta...\" \/>\n<meta property=\"og:url\" content=\"https:\/\/conexioneschile.cl\/index.php\/product\/yealink-videoconferencia-todo-en-uno-mvc-s90-c5-007\/\" \/>\n<meta property=\"og:site_name\" content=\"Conexiones Chile\" \/>\n<meta property=\"article:modified_time\" content=\"2025-08-30T19:44:18+00:00\" \/>\n<meta property=\"og:image\" content=\"https:\/\/conexioneschile.cl\/wp-content\/uploads\/2025\/08\/MVC960-C3-006-scaled-1.webp\" \/>\n\t<meta property=\"og:image:width\" content=\"2560\" \/>\n\t<meta property=\"og:image:height\" content=\"2380\" \/>\n\t<meta property=\"og:image:type\" content=\"image\/webp\" \/>\n<meta name=\"twitter:card\" content=\"summary_large_image\" \/>\n<meta name=\"twitter:label1\" content=\"Tiempo de lectura\" \/>\n\t<meta name=\"twitter:data1\" content=\"1 minuto\" \/>\n<script type=\"application\/ld+json\" class=\"yoast-schema-graph\">{\"@context\":\"https:\/\/schema.org\",\"@graph\":[{\"@type\":\"WebPage\",\"@id\":\"https:\/\/conexioneschile.cl\/index.php\/product\/yealink-videoconferencia-todo-en-uno-mvc-s90-c5-007\/\",\"url\":\"https:\/\/conexioneschile.cl\/index.php\/product\/yealink-videoconferencia-todo-en-uno-mvc-s90-c5-007\/\",\"name\":\"Yealink Videoconferencia todo-en-uno MVC S90-C5-007 - Conexiones Chile\",\"isPartOf\":{\"@id\":\"https:\/\/conexioneschile.cl\/#website\"},\"primaryImageOfPage\":{\"@id\":\"https:\/\/conexioneschile.cl\/index.php\/product\/yealink-videoconferencia-todo-en-uno-mvc-s90-c5-007\/#primaryimage\"},\"image\":{\"@id\":\"https:\/\/conexioneschile.cl\/index.php\/product\/yealink-videoconferencia-todo-en-uno-mvc-s90-c5-007\/#primaryimage\"},\"thumbnailUrl\":\"https:\/\/conexioneschile.cl\/wp-content\/uploads\/2025\/08\/MVC960-C3-006-scaled-1.webp\",\"datePublished\":\"2025-08-30T19:29:10+00:00\",\"dateModified\":\"2025-08-30T19:44:18+00:00\",\"breadcrumb\":{\"@id\":\"https:\/\/conexioneschile.cl\/index.php\/product\/yealink-videoconferencia-todo-en-uno-mvc-s90-c5-007\/#breadcrumb\"},\"inLanguage\":\"es\",\"potentialAction\":[{\"@type\":\"ReadAction\",\"target\":[\"https:\/\/conexioneschile.cl\/index.php\/product\/yealink-videoconferencia-todo-en-uno-mvc-s90-c5-007\/\"]}]},{\"@type\":\"ImageObject\",\"inLanguage\":\"es\",\"@id\":\"https:\/\/conexioneschile.cl\/index.php\/product\/yealink-videoconferencia-todo-en-uno-mvc-s90-c5-007\/#primaryimage\",\"url\":\"https:\/\/conexioneschile.cl\/wp-content\/uploads\/2025\/08\/MVC960-C3-006-scaled-1.webp\",\"contentUrl\":\"https:\/\/conexioneschile.cl\/wp-content\/uploads\/2025\/08\/MVC960-C3-006-scaled-1.webp\",\"width\":2560,\"height\":2380},{\"@type\":\"BreadcrumbList\",\"@id\":\"https:\/\/conexioneschile.cl\/index.php\/product\/yealink-videoconferencia-todo-en-uno-mvc-s90-c5-007\/#breadcrumb\",\"itemListElement\":[{\"@type\":\"ListItem\",\"position\":1,\"name\":\"Portada\",\"item\":\"https:\/\/conexioneschile.cl\/\"},{\"@type\":\"ListItem\",\"position\":2,\"name\":\"Shop\",\"item\":\"https:\/\/conexioneschile.cl\/index.php\/shop\/\"},{\"@type\":\"ListItem\",\"position\":3,\"name\":\"Yealink Videoconferencia todo-en-uno MVC S90-C5-007\"}]},{\"@type\":\"WebSite\",\"@id\":\"https:\/\/conexioneschile.cl\/#website\",\"url\":\"https:\/\/conexioneschile.cl\/\",\"name\":\"Conexiones Chile\",\"description\":\"\",\"publisher\":{\"@id\":\"https:\/\/conexioneschile.cl\/#organization\"},\"potentialAction\":[{\"@type\":\"SearchAction\",\"target\":{\"@type\":\"EntryPoint\",\"urlTemplate\":\"https:\/\/conexioneschile.cl\/?s={search_term_string}\"},\"query-input\":{\"@type\":\"PropertyValueSpecification\",\"valueRequired\":true,\"valueName\":\"search_term_string\"}}],\"inLanguage\":\"es\"},{\"@type\":\"Organization\",\"@id\":\"https:\/\/conexioneschile.cl\/#organization\",\"name\":\"Conexiones Chile\",\"url\":\"https:\/\/conexioneschile.cl\/\",\"logo\":{\"@type\":\"ImageObject\",\"inLanguage\":\"es\",\"@id\":\"https:\/\/conexioneschile.cl\/#\/schema\/logo\/image\/\",\"url\":\"https:\/\/conexioneschile.cl\/wp-content\/uploads\/2025\/09\/cropped-logo-coneexiones.png\",\"contentUrl\":\"https:\/\/conexioneschile.cl\/wp-content\/uploads\/2025\/09\/cropped-logo-coneexiones.png\",\"width\":412,\"height\":209,\"caption\":\"Conexiones Chile\"},\"image\":{\"@id\":\"https:\/\/conexioneschile.cl\/#\/schema\/logo\/image\/\"}}]}<\/script>\n<!-- \/ Yoast SEO plugin. -->","yoast_head_json":{"title":"Yealink Videoconferencia todo-en-uno MVC S90-C5-007 - Conexiones Chile","robots":{"index":"index","follow":"follow","max-snippet":"max-snippet:-1","max-image-preview":"max-image-preview:large","max-video-preview":"max-video-preview:-1"},"canonical":"https:\/\/conexioneschile.cl\/index.php\/product\/yealink-videoconferencia-todo-en-uno-mvc-s90-c5-007\/","og_locale":"es_ES","og_type":"article","og_title":"Yealink Videoconferencia todo-en-uno MVC S90-C5-007 - Conexiones Chile","og_description":"El Yealink MVC S90 es una soluci\u00f3n todo-en-uno dise\u00f1ada especialmente para salas de videoconferencia de gran tama\u00f1o, perfecta para empresas que buscan un sistema de comunicaci\u00f3n robusto y flexible. Esta...","og_url":"https:\/\/conexioneschile.cl\/index.php\/product\/yealink-videoconferencia-todo-en-uno-mvc-s90-c5-007\/","og_site_name":"Conexiones Chile","article_modified_time":"2025-08-30T19:44:18+00:00","og_image":[{"width":2560,"height":2380,"url":"https:\/\/conexioneschile.cl\/wp-content\/uploads\/2025\/08\/MVC960-C3-006-scaled-1.webp","type":"image\/webp"}],"twitter_card":"summary_large_image","twitter_misc":{"Tiempo de lectura":"1 minuto"},"schema":{"@context":"https:\/\/schema.org","@graph":[{"@type":"WebPage","@id":"https:\/\/conexioneschile.cl\/index.php\/product\/yealink-videoconferencia-todo-en-uno-mvc-s90-c5-007\/","url":"https:\/\/conexioneschile.cl\/index.php\/product\/yealink-videoconferencia-todo-en-uno-mvc-s90-c5-007\/","name":"Yealink Videoconferencia todo-en-uno MVC S90-C5-007 - Conexiones Chile","isPartOf":{"@id":"https:\/\/conexioneschile.cl\/#website"},"primaryImageOfPage":{"@id":"https:\/\/conexioneschile.cl\/index.php\/product\/yealink-videoconferencia-todo-en-uno-mvc-s90-c5-007\/#primaryimage"},"image":{"@id":"https:\/\/conexioneschile.cl\/index.php\/product\/yealink-videoconferencia-todo-en-uno-mvc-s90-c5-007\/#primaryimage"},"thumbnailUrl":"https:\/\/conexioneschile.cl\/wp-content\/uploads\/2025\/08\/MVC960-C3-006-scaled-1.webp","datePublished":"2025-08-30T19:29:10+00:00","dateModified":"2025-08-30T19:44:18+00:00","breadcrumb":{"@id":"https:\/\/conexioneschile.cl\/index.php\/product\/yealink-videoconferencia-todo-en-uno-mvc-s90-c5-007\/#breadcrumb"},"inLanguage":"es","potentialAction":[{"@type":"ReadAction","target":["https:\/\/conexioneschile.cl\/index.php\/product\/yealink-videoconferencia-todo-en-uno-mvc-s90-c5-007\/"]}]},{"@type":"ImageObject","inLanguage":"es","@id":"https:\/\/conexioneschile.cl\/index.php\/product\/yealink-videoconferencia-todo-en-uno-mvc-s90-c5-007\/#primaryimage","url":"https:\/\/conexioneschile.cl\/wp-content\/uploads\/2025\/08\/MVC960-C3-006-scaled-1.webp","contentUrl":"https:\/\/conexioneschile.cl\/wp-content\/uploads\/2025\/08\/MVC960-C3-006-scaled-1.webp","width":2560,"height":2380},{"@type":"BreadcrumbList","@id":"https:\/\/conexioneschile.cl\/index.php\/product\/yealink-videoconferencia-todo-en-uno-mvc-s90-c5-007\/#breadcrumb","itemListElement":[{"@type":"ListItem","position":1,"name":"Portada","item":"https:\/\/conexioneschile.cl\/"},{"@type":"ListItem","position":2,"name":"Shop","item":"https:\/\/conexioneschile.cl\/index.php\/shop\/"},{"@type":"ListItem","position":3,"name":"Yealink Videoconferencia todo-en-uno MVC S90-C5-007"}]},{"@type":"WebSite","@id":"https:\/\/conexioneschile.cl\/#website","url":"https:\/\/conexioneschile.cl\/","name":"Conexiones Chile","description":"","publisher":{"@id":"https:\/\/conexioneschile.cl\/#organization"},"potentialAction":[{"@type":"SearchAction","target":{"@type":"EntryPoint","urlTemplate":"https:\/\/conexioneschile.cl\/?s={search_term_string}"},"query-input":{"@type":"PropertyValueSpecification","valueRequired":true,"valueName":"search_term_string"}}],"inLanguage":"es"},{"@type":"Organization","@id":"https:\/\/conexioneschile.cl\/#organization","name":"Conexiones Chile","url":"https:\/\/conexioneschile.cl\/","logo":{"@type":"ImageObject","inLanguage":"es","@id":"https:\/\/conexioneschile.cl\/#\/schema\/logo\/image\/","url":"https:\/\/conexioneschile.cl\/wp-content\/uploads\/2025\/09\/cropped-logo-coneexiones.png","contentUrl":"https:\/\/conexioneschile.cl\/wp-content\/uploads\/2025\/09\/cropped-logo-coneexiones.png","width":412,"height":209,"caption":"Conexiones Chile"},"image":{"@id":"https:\/\/conexioneschile.cl\/#\/schema\/logo\/image\/"}}]}},"_links":{"self":[{"href":"https:\/\/conexioneschile.cl\/index.php\/wp-json\/wp\/v2\/product\/24952","targetHints":{"allow":["GET"]}}],"collection":[{"href":"https:\/\/conexioneschile.cl\/index.php\/wp-json\/wp\/v2\/product"}],"about":[{"href":"https:\/\/conexioneschile.cl\/index.php\/wp-json\/wp\/v2\/types\/product"}],"replies":[{"embeddable":true,"href":"https:\/\/conexioneschile.cl\/index.php\/wp-json\/wp\/v2\/comments?post=24952"}],"wp:featuredmedia":[{"embeddable":true,"href":"https:\/\/conexioneschile.cl\/index.php\/wp-json\/wp\/v2\/media\/24951"}],"wp:attachment":[{"href":"https:\/\/conexioneschile.cl\/index.php\/wp-json\/wp\/v2\/media?parent=24952"}],"wp:term":[{"taxonomy":"product_brand","embeddable":true,"href":"https:\/\/conexioneschile.cl\/index.php\/wp-json\/wp\/v2\/product_brand?post=24952"},{"taxonomy":"product_cat","embeddable":true,"href":"https:\/\/conexioneschile.cl\/index.php\/wp-json\/wp\/v2\/product_cat?post=24952"},{"taxonomy":"product_tag","embeddable":true,"href":"https:\/\/conexioneschile.cl\/index.php\/wp-json\/wp\/v2\/product_tag?post=24952"}],"curies":[{"name":"wp","href":"https:\/\/api.w.org\/{rel}","templated":true}]}}