{"id":24964,"date":"2025-08-30T16:29:23","date_gmt":"2025-08-30T19:29:23","guid":{"rendered":"https:\/\/conexioneschile.cl\/index.php\/product\/cable-usb-extensor-mvc-byod\/"},"modified":"2025-08-30T16:44:19","modified_gmt":"2025-08-30T19:44:19","slug":"cable-usb-extensor-mvc-byod","status":"publish","type":"product","link":"https:\/\/conexioneschile.cl\/index.php\/product\/cable-usb-extensor-mvc-byod\/","title":{"rendered":"Cable USB Extensor MVC BYOD"},"content":{"rendered":"<p>El Yealink MVC-BYOD-Extender permite que las salas de conferencias MTR se conviertan en espacios multifuncionales, brindando la capacidad de conectarse a cualquier plataforma de videoconferencia con un simple cable USB. Esto permite una integraci\u00f3n sin complicaciones, transformando su sala en un entorno vers\u00e1til para diversas soluciones de reuni\u00f3n. Disfrute de una experiencia de video y audio inmersiva usando los equipos dedicados de la sala y controle las reuniones de manera intuitiva desde el panel t\u00e1ctil MTouch II.<br \/>\nEste extensor de f\u00e1cil instalaci\u00f3n requiere un m\u00ednimo de configuraci\u00f3n, lo que lo hace ideal para implementar r\u00e1pidamente. Adem\u00e1s, incluye un cable de red, y en menos de cinco minutos, la sala estar\u00e1 lista para conectarse a cualquier dispositivo externo. Tambi\u00e9n ofrece una soluci\u00f3n de uso compartido inal\u00e1mbrico a trav\u00e9s del m\u00f3dulo de presentaci\u00f3n WPP20, facilitando presentaciones y reuniones sin complicaciones.<\/p>\n","protected":false},"excerpt":{"rendered":"<p>El Yealink MVC-BYOD-Extender permite que las salas de conferencias MTR se conviertan en espacios multifuncionales, brindando la capacidad de conectarse a cualquier plataforma de videoconferencia con un simple cable USB&#8230;.<\/p>\n","protected":false},"featured_media":24550,"comment_status":"open","ping_status":"closed","template":"","meta":[],"product_brand":[163],"product_cat":[280],"product_tag":[],"class_list":{"0":"post-24964","1":"product","2":"type-product","3":"status-publish","4":"has-post-thumbnail","6":"product_brand-yealink","7":"product_cat-pantallas-interactivas-accesorios","9":"first","10":"instock","11":"taxable","12":"shipping-taxable","13":"purchasable","14":"product-type-simple"},"yoast_head":"<!-- This site is optimized with the Yoast SEO plugin v26.6 - https:\/\/yoast.com\/wordpress\/plugins\/seo\/ -->\n<title>Cable USB Extensor MVC BYOD - Conexiones Chile<\/title>\n<meta name=\"robots\" content=\"index, follow, max-snippet:-1, max-image-preview:large, max-video-preview:-1\" \/>\n<link rel=\"canonical\" href=\"https:\/\/conexioneschile.cl\/index.php\/product\/cable-usb-extensor-mvc-byod\/\" \/>\n<meta property=\"og:locale\" content=\"es_ES\" \/>\n<meta property=\"og:type\" content=\"article\" \/>\n<meta property=\"og:title\" content=\"Cable USB Extensor MVC BYOD - Conexiones Chile\" \/>\n<meta property=\"og:description\" content=\"El Yealink MVC-BYOD-Extender permite que las salas de conferencias MTR se conviertan en espacios multifuncionales, brindando la capacidad de conectarse a cualquier plataforma de videoconferencia con un simple cable USB....\" \/>\n<meta property=\"og:url\" content=\"https:\/\/conexioneschile.cl\/index.php\/product\/cable-usb-extensor-mvc-byod\/\" \/>\n<meta property=\"og:site_name\" content=\"Conexiones Chile\" \/>\n<meta property=\"article:modified_time\" content=\"2025-08-30T19:44:19+00:00\" \/>\n<meta property=\"og:image\" content=\"https:\/\/conexioneschile.cl\/wp-content\/uploads\/2025\/08\/MVC-BYOD-EXTENDER-01.webp\" \/>\n\t<meta property=\"og:image:width\" content=\"600\" \/>\n\t<meta property=\"og:image:height\" content=\"600\" \/>\n\t<meta property=\"og:image:type\" content=\"image\/webp\" \/>\n<meta name=\"twitter:card\" content=\"summary_large_image\" \/>\n<meta name=\"twitter:label1\" content=\"Tiempo de lectura\" \/>\n\t<meta name=\"twitter:data1\" content=\"1 minuto\" \/>\n<script type=\"application\/ld+json\" class=\"yoast-schema-graph\">{\"@context\":\"https:\/\/schema.org\",\"@graph\":[{\"@type\":\"WebPage\",\"@id\":\"https:\/\/conexioneschile.cl\/index.php\/product\/cable-usb-extensor-mvc-byod\/\",\"url\":\"https:\/\/conexioneschile.cl\/index.php\/product\/cable-usb-extensor-mvc-byod\/\",\"name\":\"Cable USB Extensor MVC BYOD - Conexiones Chile\",\"isPartOf\":{\"@id\":\"https:\/\/conexioneschile.cl\/#website\"},\"primaryImageOfPage\":{\"@id\":\"https:\/\/conexioneschile.cl\/index.php\/product\/cable-usb-extensor-mvc-byod\/#primaryimage\"},\"image\":{\"@id\":\"https:\/\/conexioneschile.cl\/index.php\/product\/cable-usb-extensor-mvc-byod\/#primaryimage\"},\"thumbnailUrl\":\"https:\/\/conexioneschile.cl\/wp-content\/uploads\/2025\/08\/MVC-BYOD-EXTENDER-01.webp\",\"datePublished\":\"2025-08-30T19:29:23+00:00\",\"dateModified\":\"2025-08-30T19:44:19+00:00\",\"breadcrumb\":{\"@id\":\"https:\/\/conexioneschile.cl\/index.php\/product\/cable-usb-extensor-mvc-byod\/#breadcrumb\"},\"inLanguage\":\"es\",\"potentialAction\":[{\"@type\":\"ReadAction\",\"target\":[\"https:\/\/conexioneschile.cl\/index.php\/product\/cable-usb-extensor-mvc-byod\/\"]}]},{\"@type\":\"ImageObject\",\"inLanguage\":\"es\",\"@id\":\"https:\/\/conexioneschile.cl\/index.php\/product\/cable-usb-extensor-mvc-byod\/#primaryimage\",\"url\":\"https:\/\/conexioneschile.cl\/wp-content\/uploads\/2025\/08\/MVC-BYOD-EXTENDER-01.webp\",\"contentUrl\":\"https:\/\/conexioneschile.cl\/wp-content\/uploads\/2025\/08\/MVC-BYOD-EXTENDER-01.webp\",\"width\":600,\"height\":600},{\"@type\":\"BreadcrumbList\",\"@id\":\"https:\/\/conexioneschile.cl\/index.php\/product\/cable-usb-extensor-mvc-byod\/#breadcrumb\",\"itemListElement\":[{\"@type\":\"ListItem\",\"position\":1,\"name\":\"Portada\",\"item\":\"https:\/\/conexioneschile.cl\/\"},{\"@type\":\"ListItem\",\"position\":2,\"name\":\"Shop\",\"item\":\"https:\/\/conexioneschile.cl\/index.php\/shop\/\"},{\"@type\":\"ListItem\",\"position\":3,\"name\":\"Cable USB Extensor MVC BYOD\"}]},{\"@type\":\"WebSite\",\"@id\":\"https:\/\/conexioneschile.cl\/#website\",\"url\":\"https:\/\/conexioneschile.cl\/\",\"name\":\"Conexiones Chile\",\"description\":\"\",\"publisher\":{\"@id\":\"https:\/\/conexioneschile.cl\/#organization\"},\"potentialAction\":[{\"@type\":\"SearchAction\",\"target\":{\"@type\":\"EntryPoint\",\"urlTemplate\":\"https:\/\/conexioneschile.cl\/?s={search_term_string}\"},\"query-input\":{\"@type\":\"PropertyValueSpecification\",\"valueRequired\":true,\"valueName\":\"search_term_string\"}}],\"inLanguage\":\"es\"},{\"@type\":\"Organization\",\"@id\":\"https:\/\/conexioneschile.cl\/#organization\",\"name\":\"Conexiones Chile\",\"url\":\"https:\/\/conexioneschile.cl\/\",\"logo\":{\"@type\":\"ImageObject\",\"inLanguage\":\"es\",\"@id\":\"https:\/\/conexioneschile.cl\/#\/schema\/logo\/image\/\",\"url\":\"https:\/\/conexioneschile.cl\/wp-content\/uploads\/2025\/09\/cropped-logo-coneexiones.png\",\"contentUrl\":\"https:\/\/conexioneschile.cl\/wp-content\/uploads\/2025\/09\/cropped-logo-coneexiones.png\",\"width\":412,\"height\":209,\"caption\":\"Conexiones Chile\"},\"image\":{\"@id\":\"https:\/\/conexioneschile.cl\/#\/schema\/logo\/image\/\"}}]}<\/script>\n<!-- \/ Yoast SEO plugin. -->","yoast_head_json":{"title":"Cable USB Extensor MVC BYOD - Conexiones Chile","robots":{"index":"index","follow":"follow","max-snippet":"max-snippet:-1","max-image-preview":"max-image-preview:large","max-video-preview":"max-video-preview:-1"},"canonical":"https:\/\/conexioneschile.cl\/index.php\/product\/cable-usb-extensor-mvc-byod\/","og_locale":"es_ES","og_type":"article","og_title":"Cable USB Extensor MVC BYOD - Conexiones Chile","og_description":"El Yealink MVC-BYOD-Extender permite que las salas de conferencias MTR se conviertan en espacios multifuncionales, brindando la capacidad de conectarse a cualquier plataforma de videoconferencia con un simple cable USB....","og_url":"https:\/\/conexioneschile.cl\/index.php\/product\/cable-usb-extensor-mvc-byod\/","og_site_name":"Conexiones Chile","article_modified_time":"2025-08-30T19:44:19+00:00","og_image":[{"width":600,"height":600,"url":"https:\/\/conexioneschile.cl\/wp-content\/uploads\/2025\/08\/MVC-BYOD-EXTENDER-01.webp","type":"image\/webp"}],"twitter_card":"summary_large_image","twitter_misc":{"Tiempo de lectura":"1 minuto"},"schema":{"@context":"https:\/\/schema.org","@graph":[{"@type":"WebPage","@id":"https:\/\/conexioneschile.cl\/index.php\/product\/cable-usb-extensor-mvc-byod\/","url":"https:\/\/conexioneschile.cl\/index.php\/product\/cable-usb-extensor-mvc-byod\/","name":"Cable USB Extensor MVC BYOD - Conexiones Chile","isPartOf":{"@id":"https:\/\/conexioneschile.cl\/#website"},"primaryImageOfPage":{"@id":"https:\/\/conexioneschile.cl\/index.php\/product\/cable-usb-extensor-mvc-byod\/#primaryimage"},"image":{"@id":"https:\/\/conexioneschile.cl\/index.php\/product\/cable-usb-extensor-mvc-byod\/#primaryimage"},"thumbnailUrl":"https:\/\/conexioneschile.cl\/wp-content\/uploads\/2025\/08\/MVC-BYOD-EXTENDER-01.webp","datePublished":"2025-08-30T19:29:23+00:00","dateModified":"2025-08-30T19:44:19+00:00","breadcrumb":{"@id":"https:\/\/conexioneschile.cl\/index.php\/product\/cable-usb-extensor-mvc-byod\/#breadcrumb"},"inLanguage":"es","potentialAction":[{"@type":"ReadAction","target":["https:\/\/conexioneschile.cl\/index.php\/product\/cable-usb-extensor-mvc-byod\/"]}]},{"@type":"ImageObject","inLanguage":"es","@id":"https:\/\/conexioneschile.cl\/index.php\/product\/cable-usb-extensor-mvc-byod\/#primaryimage","url":"https:\/\/conexioneschile.cl\/wp-content\/uploads\/2025\/08\/MVC-BYOD-EXTENDER-01.webp","contentUrl":"https:\/\/conexioneschile.cl\/wp-content\/uploads\/2025\/08\/MVC-BYOD-EXTENDER-01.webp","width":600,"height":600},{"@type":"BreadcrumbList","@id":"https:\/\/conexioneschile.cl\/index.php\/product\/cable-usb-extensor-mvc-byod\/#breadcrumb","itemListElement":[{"@type":"ListItem","position":1,"name":"Portada","item":"https:\/\/conexioneschile.cl\/"},{"@type":"ListItem","position":2,"name":"Shop","item":"https:\/\/conexioneschile.cl\/index.php\/shop\/"},{"@type":"ListItem","position":3,"name":"Cable USB Extensor MVC BYOD"}]},{"@type":"WebSite","@id":"https:\/\/conexioneschile.cl\/#website","url":"https:\/\/conexioneschile.cl\/","name":"Conexiones Chile","description":"","publisher":{"@id":"https:\/\/conexioneschile.cl\/#organization"},"potentialAction":[{"@type":"SearchAction","target":{"@type":"EntryPoint","urlTemplate":"https:\/\/conexioneschile.cl\/?s={search_term_string}"},"query-input":{"@type":"PropertyValueSpecification","valueRequired":true,"valueName":"search_term_string"}}],"inLanguage":"es"},{"@type":"Organization","@id":"https:\/\/conexioneschile.cl\/#organization","name":"Conexiones Chile","url":"https:\/\/conexioneschile.cl\/","logo":{"@type":"ImageObject","inLanguage":"es","@id":"https:\/\/conexioneschile.cl\/#\/schema\/logo\/image\/","url":"https:\/\/conexioneschile.cl\/wp-content\/uploads\/2025\/09\/cropped-logo-coneexiones.png","contentUrl":"https:\/\/conexioneschile.cl\/wp-content\/uploads\/2025\/09\/cropped-logo-coneexiones.png","width":412,"height":209,"caption":"Conexiones Chile"},"image":{"@id":"https:\/\/conexioneschile.cl\/#\/schema\/logo\/image\/"}}]}},"_links":{"self":[{"href":"https:\/\/conexioneschile.cl\/index.php\/wp-json\/wp\/v2\/product\/24964","targetHints":{"allow":["GET"]}}],"collection":[{"href":"https:\/\/conexioneschile.cl\/index.php\/wp-json\/wp\/v2\/product"}],"about":[{"href":"https:\/\/conexioneschile.cl\/index.php\/wp-json\/wp\/v2\/types\/product"}],"replies":[{"embeddable":true,"href":"https:\/\/conexioneschile.cl\/index.php\/wp-json\/wp\/v2\/comments?post=24964"}],"wp:featuredmedia":[{"embeddable":true,"href":"https:\/\/conexioneschile.cl\/index.php\/wp-json\/wp\/v2\/media\/24550"}],"wp:attachment":[{"href":"https:\/\/conexioneschile.cl\/index.php\/wp-json\/wp\/v2\/media?parent=24964"}],"wp:term":[{"taxonomy":"product_brand","embeddable":true,"href":"https:\/\/conexioneschile.cl\/index.php\/wp-json\/wp\/v2\/product_brand?post=24964"},{"taxonomy":"product_cat","embeddable":true,"href":"https:\/\/conexioneschile.cl\/index.php\/wp-json\/wp\/v2\/product_cat?post=24964"},{"taxonomy":"product_tag","embeddable":true,"href":"https:\/\/conexioneschile.cl\/index.php\/wp-json\/wp\/v2\/product_tag?post=24964"}],"curies":[{"name":"wp","href":"https:\/\/api.w.org\/{rel}","templated":true}]}}