{"id":25446,"date":"2025-08-30T16:37:44","date_gmt":"2025-08-30T19:37:44","guid":{"rendered":"https:\/\/conexioneschile.cl\/index.php\/product\/maleta-con-unidad-de-demo-equipo-de-video-vc110\/"},"modified":"2025-08-30T16:45:16","modified_gmt":"2025-08-30T19:45:16","slug":"maleta-con-unidad-de-demo-equipo-de-video-vc110","status":"publish","type":"product","link":"https:\/\/conexioneschile.cl\/index.php\/product\/maleta-con-unidad-de-demo-equipo-de-video-vc110\/","title":{"rendered":"Maleta con unidad de DEMO Equipo de Video VC110"},"content":{"rendered":"<p>El Yealink VC110 personifica la facilidad, la simplicidad y la asequibilidad para las empresas que buscan realizar videoconferencias en salas de reuniones m\u00e1s peque\u00f1as. La soluci\u00f3n sirve como una ventanilla \u00fanica para satisfacer las diversas necesidades de comunicaci\u00f3n y colaboraci\u00f3n de las empresas, con un alto rendimiento a un precio muy preferencial. Es una soluci\u00f3n ideal para las empresas que buscan implementar y mantener de manera rentable un sistema de videoconferencia avanzado. Por ejemplo, el Yealink VC110 garantiza la protecci\u00f3n de datos al tiempo que permite a los usuarios conectar y usar c\u00f3modamente, sin necesidad de configurar m\u00e1s el cortafuegos. Adem\u00e1s, la soluci\u00f3n se puede implementar directamente en solo tres minutos. Adem\u00e1s, Yealink VC110 admite un ancho de banda adaptable din\u00e1mico con una resistencia a la p\u00e9rdida de paquetes del 8 por ciento, lo que garantiza una conferencia fluida incluso en condiciones de red fluctuantes. Sin lugar a dudas, Yealink VC110 es una buena opci\u00f3n para los ejecutivos de hoy que buscan colaborar estrat\u00e9gica y competitivamente hoy.<\/p>\n","protected":false},"excerpt":{"rendered":"<p>El Yealink VC110 personifica la facilidad, la simplicidad y la asequibilidad para las empresas que buscan realizar videoconferencias en salas de reuniones m\u00e1s peque\u00f1as. La soluci\u00f3n sirve como una ventanilla&#8230;<\/p>\n","protected":false},"featured_media":25445,"comment_status":"open","ping_status":"closed","template":"","meta":[],"product_brand":[163],"product_cat":[280],"product_tag":[],"class_list":{"0":"post-25446","1":"product","2":"type-product","3":"status-publish","4":"has-post-thumbnail","6":"product_brand-yealink","7":"product_cat-pantallas-interactivas-accesorios","9":"first","10":"instock","11":"taxable","12":"shipping-taxable","13":"purchasable","14":"product-type-simple"},"yoast_head":"<!-- This site is optimized with the Yoast SEO plugin v26.6 - https:\/\/yoast.com\/wordpress\/plugins\/seo\/ -->\n<title>Maleta con unidad de DEMO Equipo de Video VC110 - Conexiones Chile<\/title>\n<meta name=\"robots\" content=\"index, follow, max-snippet:-1, max-image-preview:large, max-video-preview:-1\" \/>\n<link rel=\"canonical\" href=\"https:\/\/conexioneschile.cl\/index.php\/product\/maleta-con-unidad-de-demo-equipo-de-video-vc110\/\" \/>\n<meta property=\"og:locale\" content=\"es_ES\" \/>\n<meta property=\"og:type\" content=\"article\" \/>\n<meta property=\"og:title\" content=\"Maleta con unidad de DEMO Equipo de Video VC110 - Conexiones Chile\" \/>\n<meta property=\"og:description\" content=\"El Yealink VC110 personifica la facilidad, la simplicidad y la asequibilidad para las empresas que buscan realizar videoconferencias en salas de reuniones m\u00e1s peque\u00f1as. La soluci\u00f3n sirve como una ventanilla...\" \/>\n<meta property=\"og:url\" content=\"https:\/\/conexioneschile.cl\/index.php\/product\/maleta-con-unidad-de-demo-equipo-de-video-vc110\/\" \/>\n<meta property=\"og:site_name\" content=\"Conexiones Chile\" \/>\n<meta property=\"article:modified_time\" content=\"2025-08-30T19:45:16+00:00\" \/>\n<meta property=\"og:image\" content=\"https:\/\/conexioneschile.cl\/wp-content\/uploads\/2025\/08\/VC110-DEMO-KIT-02.webp\" \/>\n\t<meta property=\"og:image:width\" content=\"600\" \/>\n\t<meta property=\"og:image:height\" content=\"600\" \/>\n\t<meta property=\"og:image:type\" content=\"image\/webp\" \/>\n<meta name=\"twitter:card\" content=\"summary_large_image\" \/>\n<meta name=\"twitter:label1\" content=\"Tiempo de lectura\" \/>\n\t<meta name=\"twitter:data1\" content=\"1 minuto\" \/>\n<script type=\"application\/ld+json\" class=\"yoast-schema-graph\">{\"@context\":\"https:\/\/schema.org\",\"@graph\":[{\"@type\":\"WebPage\",\"@id\":\"https:\/\/conexioneschile.cl\/index.php\/product\/maleta-con-unidad-de-demo-equipo-de-video-vc110\/\",\"url\":\"https:\/\/conexioneschile.cl\/index.php\/product\/maleta-con-unidad-de-demo-equipo-de-video-vc110\/\",\"name\":\"Maleta con unidad de DEMO Equipo de Video VC110 - Conexiones Chile\",\"isPartOf\":{\"@id\":\"https:\/\/conexioneschile.cl\/#website\"},\"primaryImageOfPage\":{\"@id\":\"https:\/\/conexioneschile.cl\/index.php\/product\/maleta-con-unidad-de-demo-equipo-de-video-vc110\/#primaryimage\"},\"image\":{\"@id\":\"https:\/\/conexioneschile.cl\/index.php\/product\/maleta-con-unidad-de-demo-equipo-de-video-vc110\/#primaryimage\"},\"thumbnailUrl\":\"https:\/\/conexioneschile.cl\/wp-content\/uploads\/2025\/08\/VC110-DEMO-KIT-02.webp\",\"datePublished\":\"2025-08-30T19:37:44+00:00\",\"dateModified\":\"2025-08-30T19:45:16+00:00\",\"breadcrumb\":{\"@id\":\"https:\/\/conexioneschile.cl\/index.php\/product\/maleta-con-unidad-de-demo-equipo-de-video-vc110\/#breadcrumb\"},\"inLanguage\":\"es\",\"potentialAction\":[{\"@type\":\"ReadAction\",\"target\":[\"https:\/\/conexioneschile.cl\/index.php\/product\/maleta-con-unidad-de-demo-equipo-de-video-vc110\/\"]}]},{\"@type\":\"ImageObject\",\"inLanguage\":\"es\",\"@id\":\"https:\/\/conexioneschile.cl\/index.php\/product\/maleta-con-unidad-de-demo-equipo-de-video-vc110\/#primaryimage\",\"url\":\"https:\/\/conexioneschile.cl\/wp-content\/uploads\/2025\/08\/VC110-DEMO-KIT-02.webp\",\"contentUrl\":\"https:\/\/conexioneschile.cl\/wp-content\/uploads\/2025\/08\/VC110-DEMO-KIT-02.webp\",\"width\":600,\"height\":600},{\"@type\":\"BreadcrumbList\",\"@id\":\"https:\/\/conexioneschile.cl\/index.php\/product\/maleta-con-unidad-de-demo-equipo-de-video-vc110\/#breadcrumb\",\"itemListElement\":[{\"@type\":\"ListItem\",\"position\":1,\"name\":\"Portada\",\"item\":\"https:\/\/conexioneschile.cl\/\"},{\"@type\":\"ListItem\",\"position\":2,\"name\":\"Shop\",\"item\":\"https:\/\/conexioneschile.cl\/index.php\/shop\/\"},{\"@type\":\"ListItem\",\"position\":3,\"name\":\"Maleta con unidad de DEMO Equipo de Video VC110\"}]},{\"@type\":\"WebSite\",\"@id\":\"https:\/\/conexioneschile.cl\/#website\",\"url\":\"https:\/\/conexioneschile.cl\/\",\"name\":\"Conexiones Chile\",\"description\":\"\",\"publisher\":{\"@id\":\"https:\/\/conexioneschile.cl\/#organization\"},\"potentialAction\":[{\"@type\":\"SearchAction\",\"target\":{\"@type\":\"EntryPoint\",\"urlTemplate\":\"https:\/\/conexioneschile.cl\/?s={search_term_string}\"},\"query-input\":{\"@type\":\"PropertyValueSpecification\",\"valueRequired\":true,\"valueName\":\"search_term_string\"}}],\"inLanguage\":\"es\"},{\"@type\":\"Organization\",\"@id\":\"https:\/\/conexioneschile.cl\/#organization\",\"name\":\"Conexiones Chile\",\"url\":\"https:\/\/conexioneschile.cl\/\",\"logo\":{\"@type\":\"ImageObject\",\"inLanguage\":\"es\",\"@id\":\"https:\/\/conexioneschile.cl\/#\/schema\/logo\/image\/\",\"url\":\"https:\/\/conexioneschile.cl\/wp-content\/uploads\/2025\/09\/cropped-logo-coneexiones.png\",\"contentUrl\":\"https:\/\/conexioneschile.cl\/wp-content\/uploads\/2025\/09\/cropped-logo-coneexiones.png\",\"width\":412,\"height\":209,\"caption\":\"Conexiones Chile\"},\"image\":{\"@id\":\"https:\/\/conexioneschile.cl\/#\/schema\/logo\/image\/\"}}]}<\/script>\n<!-- \/ Yoast SEO plugin. -->","yoast_head_json":{"title":"Maleta con unidad de DEMO Equipo de Video VC110 - Conexiones Chile","robots":{"index":"index","follow":"follow","max-snippet":"max-snippet:-1","max-image-preview":"max-image-preview:large","max-video-preview":"max-video-preview:-1"},"canonical":"https:\/\/conexioneschile.cl\/index.php\/product\/maleta-con-unidad-de-demo-equipo-de-video-vc110\/","og_locale":"es_ES","og_type":"article","og_title":"Maleta con unidad de DEMO Equipo de Video VC110 - Conexiones Chile","og_description":"El Yealink VC110 personifica la facilidad, la simplicidad y la asequibilidad para las empresas que buscan realizar videoconferencias en salas de reuniones m\u00e1s peque\u00f1as. La soluci\u00f3n sirve como una ventanilla...","og_url":"https:\/\/conexioneschile.cl\/index.php\/product\/maleta-con-unidad-de-demo-equipo-de-video-vc110\/","og_site_name":"Conexiones Chile","article_modified_time":"2025-08-30T19:45:16+00:00","og_image":[{"width":600,"height":600,"url":"https:\/\/conexioneschile.cl\/wp-content\/uploads\/2025\/08\/VC110-DEMO-KIT-02.webp","type":"image\/webp"}],"twitter_card":"summary_large_image","twitter_misc":{"Tiempo de lectura":"1 minuto"},"schema":{"@context":"https:\/\/schema.org","@graph":[{"@type":"WebPage","@id":"https:\/\/conexioneschile.cl\/index.php\/product\/maleta-con-unidad-de-demo-equipo-de-video-vc110\/","url":"https:\/\/conexioneschile.cl\/index.php\/product\/maleta-con-unidad-de-demo-equipo-de-video-vc110\/","name":"Maleta con unidad de DEMO Equipo de Video VC110 - Conexiones Chile","isPartOf":{"@id":"https:\/\/conexioneschile.cl\/#website"},"primaryImageOfPage":{"@id":"https:\/\/conexioneschile.cl\/index.php\/product\/maleta-con-unidad-de-demo-equipo-de-video-vc110\/#primaryimage"},"image":{"@id":"https:\/\/conexioneschile.cl\/index.php\/product\/maleta-con-unidad-de-demo-equipo-de-video-vc110\/#primaryimage"},"thumbnailUrl":"https:\/\/conexioneschile.cl\/wp-content\/uploads\/2025\/08\/VC110-DEMO-KIT-02.webp","datePublished":"2025-08-30T19:37:44+00:00","dateModified":"2025-08-30T19:45:16+00:00","breadcrumb":{"@id":"https:\/\/conexioneschile.cl\/index.php\/product\/maleta-con-unidad-de-demo-equipo-de-video-vc110\/#breadcrumb"},"inLanguage":"es","potentialAction":[{"@type":"ReadAction","target":["https:\/\/conexioneschile.cl\/index.php\/product\/maleta-con-unidad-de-demo-equipo-de-video-vc110\/"]}]},{"@type":"ImageObject","inLanguage":"es","@id":"https:\/\/conexioneschile.cl\/index.php\/product\/maleta-con-unidad-de-demo-equipo-de-video-vc110\/#primaryimage","url":"https:\/\/conexioneschile.cl\/wp-content\/uploads\/2025\/08\/VC110-DEMO-KIT-02.webp","contentUrl":"https:\/\/conexioneschile.cl\/wp-content\/uploads\/2025\/08\/VC110-DEMO-KIT-02.webp","width":600,"height":600},{"@type":"BreadcrumbList","@id":"https:\/\/conexioneschile.cl\/index.php\/product\/maleta-con-unidad-de-demo-equipo-de-video-vc110\/#breadcrumb","itemListElement":[{"@type":"ListItem","position":1,"name":"Portada","item":"https:\/\/conexioneschile.cl\/"},{"@type":"ListItem","position":2,"name":"Shop","item":"https:\/\/conexioneschile.cl\/index.php\/shop\/"},{"@type":"ListItem","position":3,"name":"Maleta con unidad de DEMO Equipo de Video VC110"}]},{"@type":"WebSite","@id":"https:\/\/conexioneschile.cl\/#website","url":"https:\/\/conexioneschile.cl\/","name":"Conexiones Chile","description":"","publisher":{"@id":"https:\/\/conexioneschile.cl\/#organization"},"potentialAction":[{"@type":"SearchAction","target":{"@type":"EntryPoint","urlTemplate":"https:\/\/conexioneschile.cl\/?s={search_term_string}"},"query-input":{"@type":"PropertyValueSpecification","valueRequired":true,"valueName":"search_term_string"}}],"inLanguage":"es"},{"@type":"Organization","@id":"https:\/\/conexioneschile.cl\/#organization","name":"Conexiones Chile","url":"https:\/\/conexioneschile.cl\/","logo":{"@type":"ImageObject","inLanguage":"es","@id":"https:\/\/conexioneschile.cl\/#\/schema\/logo\/image\/","url":"https:\/\/conexioneschile.cl\/wp-content\/uploads\/2025\/09\/cropped-logo-coneexiones.png","contentUrl":"https:\/\/conexioneschile.cl\/wp-content\/uploads\/2025\/09\/cropped-logo-coneexiones.png","width":412,"height":209,"caption":"Conexiones Chile"},"image":{"@id":"https:\/\/conexioneschile.cl\/#\/schema\/logo\/image\/"}}]}},"_links":{"self":[{"href":"https:\/\/conexioneschile.cl\/index.php\/wp-json\/wp\/v2\/product\/25446","targetHints":{"allow":["GET"]}}],"collection":[{"href":"https:\/\/conexioneschile.cl\/index.php\/wp-json\/wp\/v2\/product"}],"about":[{"href":"https:\/\/conexioneschile.cl\/index.php\/wp-json\/wp\/v2\/types\/product"}],"replies":[{"embeddable":true,"href":"https:\/\/conexioneschile.cl\/index.php\/wp-json\/wp\/v2\/comments?post=25446"}],"wp:featuredmedia":[{"embeddable":true,"href":"https:\/\/conexioneschile.cl\/index.php\/wp-json\/wp\/v2\/media\/25445"}],"wp:attachment":[{"href":"https:\/\/conexioneschile.cl\/index.php\/wp-json\/wp\/v2\/media?parent=25446"}],"wp:term":[{"taxonomy":"product_brand","embeddable":true,"href":"https:\/\/conexioneschile.cl\/index.php\/wp-json\/wp\/v2\/product_brand?post=25446"},{"taxonomy":"product_cat","embeddable":true,"href":"https:\/\/conexioneschile.cl\/index.php\/wp-json\/wp\/v2\/product_cat?post=25446"},{"taxonomy":"product_tag","embeddable":true,"href":"https:\/\/conexioneschile.cl\/index.php\/wp-json\/wp\/v2\/product_tag?post=25446"}],"curies":[{"name":"wp","href":"https:\/\/api.w.org\/{rel}","templated":true}]}}